 - -171. What is the tens digit of w?
5
Suppose 5*l - 2*i + 430 = 2464, 3*i = -6. What is the tens digit of l?
0
Let a(j) = 39*j**2 + 40*j + 27. What is the tens digit of a(-5)?
0
Let n(c) = 3*c**3 + c - 1. Let y be n(1). Suppose 4*d = 3*m - 300, y*d - 201 = -4*m + 224. What is the tens digit of m?
0
Suppose 0 = -4*n + 28 + 48. Let i be (-3)/1 + 285/n. What is the tens digit of i/(-12)*67/(-1)?
6
Suppose 0 = -2*t - k + 1251, 2*k = 3*k - 3. Suppose 5*c + 1560 = -4*z + 9*z, 2*z - t = c. What is the hundreds digit of z?
3
Let y(g) = g**3 + 15*g**2 - 18*g - 15. Suppose 7*u + 80 = 2*u. What is the tens digit of y(u)?
1
Let u be 2/(0 - -2)*4. Suppose 4*q + 16 = -5*v + v, 0 = -v - u*q - 19. Let x = v - -7. What is the units digit of x?
8
Suppose 55*g = 60*g - 4835. What is the tens digit of g?
6
Suppose 0 = 4*v + 5*b - 791, -18*v + 2*b = -20*v + 396. What is the tens digit of v?
9
Let n(s) = s**2 - 10*s + 3. Let w(c) = 8*c**2 + c. Let d be w(1). Let b be n(d). Let j(t) = t**3 + 6*t**2 - 2*t - 11. What is the units digit of j(b)?
1
Suppose 4 = 2*h - y + 5*y, 3*y = -12. What is the units digit of h/35 + (0 - (-122)/14)?
9
Suppose 5*k = 136 + 209. Suppose -6*x + 651 = -k. What is the units digit of x?
0
Let m = 27 - -193. Suppose 4*t - m = -x, 0 = -4*t - 3*x + 109 + 111. What is the units digit of t?
5
Suppose 4*m + 410 + 22 = 0. Let s = m + 152. Suppose -4*g + 32 + s = 0. What is the units digit of g?
9
Suppose -75*o + 76*o = 173. What is the units digit of o?
3
Let i(n) = -n**3 - 21*n**2 - 19*n - 40. Let h be i(-20). Let c = 149 + h. What is the tens digit of c?
8
Let z be (-256)/(-14) + (-26)/91. Let s = z - 18. Suppose 0 = -5*r + 2*b + 14, 0 = 3*r - s*r + 4*b + 2. What is the units digit of r?
2
Suppose -3*r + 7068 + 3741 = 0. What is the hundreds digit of r?
6
Let w(f) = f + 48. Let j be w(0). Suppose t = 2*t + j. Let q = 78 + t. What is the units digit of q?
0
Let f = -2771 + 4851. What is the thousands digit of f?
2
Let l be (0 - -3) + (1 - 154). Let t = l - -325. Suppose 3*h = -2*h + t. What is the tens digit of h?
3
Let w(c) = -5*c - 38. What is the tens digit of w(-12)?
2
Let j(d) = d**2 + d - 1. Let v be j(-3). Suppose -1 = l - 2, -v*p + 4*l = -626. What is the hundreds digit of p?
1
What is the tens digit of (-4)/(-5)*16/(16/435)?
4
What is the tens digit of (3 - -4) + (-1 - (-42746)/11)?
9
Let q be 7 - 1 - -3*(1 + -2). What is the tens digit of 266 - (q + -4 + -4)?
7
Suppose -8*g - 18 = -10*g. Let h(r) = r**3 - 6*r**2 - 9*r - 19. What is the hundreds digit of h(g)?
1
Let l = -1001 - -1406. What is the tens digit of (-10)/40 - l/(-4)?
0
Let s = 4 - 5. Let g = s + 13. What is the units digit of g?
2
Suppose o + 180 = 6*o. What is the tens digit of 2406/o + 2/12?
6
Suppose d = 212 - 197. Suppose -g - 3*g - s + 77 = 0, 3*s = 15. Let p = g - d. What is the units digit of p?
3
Let t = 6 - -4. Let j(l) = -l**3 + 10*l**2 + l - 7. Let p be j(t). Suppose -2*o + 40 = -2*d, -p*o + 8*o = -d + 106. What is the tens digit of o?
2
Suppose -5*s = -930 - 540. What is the tens digit of s?
9
Suppose 0 = -5*b + 2*i - 348, -8 = 2*i - 4*i. What is the units digit of 126/(5 - b/(-16))?
8
Suppose 3*k - 116 = 7*t - 12*t, 3*t - 3*k - 60 = 0. What is the hundreds digit of 0 + (-6)/33 - (-3986)/t?
1
Let a be -2 - (-1 - (1 - 2)). What is the units digit of 33 - 1*(-4 - a)?
5
Suppose 5*k = -5*l + 20, 30 = -4*l + 5*k + 1. Let u(a) = 47*a**2 - 2*a. What is the units digit of u(l)?
9
Let f = -5 - -155. What is the tens digit of f?
5
Suppose -2*f + 10 = 3*f. Suppose -f*o + 218 = 3*a, 2*a + o = -3*o + 132. What is the tens digit of a?
7
Let t(z) be the third derivative of z**6/120 + 11*z**5/60 + z**4/6 + 13*z**3/6 - 31*z**2. What is the tens digit of t(-9)?
3
Let g be (-3)/18 - 268/(-24). Suppose 4*a + 159 = 3*b + a, -b - 2*a + 56 = 0. Suppose -5*i + g*i - b = 0. What is the units digit of i?
9
Let p be 0 - (7 - 3 - 1). Let j(g) = g**2. Let t be j(p). Let q(n) = 3*n - 4. What is the tens digit of q(t)?
2
Suppose -6*p = -363 - 2895. Suppose -3*u = -3*n + 414, 4*n + 4*u + u - p = 0. What is the units digit of n?
7
Suppose -49*f + 2*q - 892 = -50*f, -3*f + 2641 = -q. What is the units digit of f?
2
Suppose -76*g + 74*g = -650. Suppose 4*y - g = -3*i - 2*i, 3*i = -y + 90. What is the units digit of y?
5
Let p be 2/(5/(-7) + 1). Let y(n) = -n**2 + 7*n - 2. Let g be y(p). What is the units digit of g/((24/(-21))/4)?
7
Let j be -15*2/(-34) + 18/153. What is the units digit of j/(4 + (-1029)/258)?
6
Suppose -m = -181 - 446. Suppose p + m = 5*b, b - 159 = -3*p - 40. What is the hundreds digit of b?
1
Let u = -111 - -72. Let w = u + 72. What is the tens digit of w?
3
Suppose 5*a = -44 + 319. Let c = a - 13. What is the tens digit of c?
4
Let x(u) = -4*u**3 + 2*u**2 - 4*u + 2. Let f be x(3). What is the tens digit of f/(-2) - (2 - -1)?
4
Let j be ((-1)/2)/((-287)/(-96) - 3). Let i = j - -30. What is the units digit of i?
8
Suppose -4*t + 182 = b, -5*t = 3*b - 5*b + 403. What is the units digit of b?
4
Suppose 1575 = 4*q + 3*t, -3*q + q + t + 795 = 0. Suppose 0 = -n - 4, -2*n + q = 4*o. What is the tens digit of o?
0
Let d be (40 - 12)*(-1)/(-2). Let k = d - 9. Suppose 59 = 3*v + 2*c, -k*v = -4*c + 5*c - 96. What is the tens digit of v?
1
Let g(i) = i - 4. Let v be g(6). Suppose m = 5, 0 = 2*w - 0*w + v*m - 10. Suppose -x + w = -d - 3, 5*d = 2*x + 9. What is the units digit of x?
8
Let p(y) be the first derivative of y**4/4 + 5*y**3 - 7*y**2 - 20*y - 13. What is the units digit of p(-15)?
0
Suppose 3*f - 2218 = -838. What is the hundreds digit of f?
4
Suppose 110*t = 109*t - 2*q + 1602, -4*t - 3*q = -6413. What is the thousands digit of t?
1
Let m(w) = 56*w**2 - 32*w - 43. What is the units digit of m(-6)?
5
Suppose 3*s + 92 = 11. What is the units digit of (s/1)/(1/(-2))?
4
Suppose 2427 = 15*y - 4038. What is the hundreds digit of y?
4
Suppose 0 = 7*n + 392 - 6881. What is the units digit of n?
7
Suppose 14*k - 12*k + 2*g - 3168 = 0, -2*k = 5*g - 3168. What is the tens digit of k?
8
What is the tens digit of (-52)/65*(-6505)/4?
0
What is the hundreds digit of ((-3918)/4)/(135/(-90))?
6
Let r(o) = o**3 - 11*o**2 + 13*o - 25. Let n be r(11). Suppose 5*d + n - 488 = 0. What is the tens digit of d?
7
Let r be -1 + (-3 - 6/(-3)). Suppose -3*l + 95 = -5*n - 8*l, l - 101 = 4*n. What is the units digit of 9/r*n/36?
3
Let r = 723 - -1891. What is the thousands digit of r?
2
Suppose 0 = -5*v + 25, -z + 10*v = 6*v - 156. What is the units digit of z?
6
Let s = 1244 + -680. What is the hundreds digit of s?
5
Let u = 454 + -239. Suppose -3*f + 8*f = u. What is the tens digit of f?
4
Let p = 243 - 151. Let u = 60 + p. What is the units digit of u?
2
Let x(q) be the second derivative of -2*q**3/3 + 15*q**2/2 - 17*q. What is the tens digit of x(-7)?
4
Let i(d) = 20*d + 1802. What is the thousands digit of i(0)?
1
Suppose -1641*j = -1624*j - 76704. What is the hundreds digit of j?
5
Suppose -5*k = -2*s - k + 2802, k + 4193 = 3*s. What is the thousands digit of s?
1
Let g(f) = f**3 + 4*f**2 - 1. Let s be g(3). Let n = 30 - s. What is the units digit of ((-30)/4)/(3/n)?
0
Let g(h) = 73*h**2 + 7*h + 2. What is the units digit of g(-2)?
0
Let m = 1 - -31. Suppose m*i - 222 = 29*i. What is the units digit of i?
4
Suppose 2*j - 5*s = 74, -3*j - 3*s + 6*s = -129. What is the tens digit of j?
4
What is the units digit of ((-8)/24)/((-2)/1236)?
6
Let d = 1 - 2. Let r be -2*(-5 + 4) - 8. What is the units digit of -3 + 5 + d - r?
7
What is the tens digit of 290/75 - 4 - 392924/(-105)?
4
Let w(d) = -d**3 + d**2 + 3*d - 4. Let m be w(2). What is the tens digit of m/(-3) + (-2665)/(-39)?
6
Suppose 2*b + 3*y = -62 - 47, -y = -b - 47. Let v = 37 + b. Let x(i) = -i**2 - 18*i - 22. What is the tens digit of x(v)?
4
Let d be 5*(38 + (-2 - 1)). Let b = d + -91. What is the units digit of b?
4
Suppose r - 4*b - 738 = 0, r - 638 = -2*b + 70. Let v = r + -429. What is the tens digit of v?
8
Suppose 3922 = 46*j - 93276. What is the units digit of j?
3
Suppose 0 = -10*i + 1701 - 461. What is the units digit of i?
4
Suppose -5*p - 2*i + 97 = -6*i, i = 3*p - 61. Let m = 25 - p. What is the units digit of m?
4
Let r(i) = 19*i**2 - 50*i - 48. What is the thousands digit of r(17)?
4
Let b(s) = -s**2 + 12*s - 13. Let i be b(11)